{"id":8286,"date":"2025-04-06T12:07:46","date_gmt":"2025-04-06T12:07:46","guid":{"rendered":"https:\/\/www.elearning-factory.de\/three\/?page_id=8286"},"modified":"2025-04-06T12:10:58","modified_gmt":"2025-04-06T12:10:58","slug":"impressum","status":"publish","type":"page","link":"https:\/\/www.elearning-factory.de\/three\/impressum\/","title":{"rendered":"Impressum"},"content":{"rendered":"\t\t<div data-elementor-type=\"wp-page\" data-elementor-id=\"8286\" class=\"elementor elementor-8286\" data-elementor-post-type=\"page\">\n\t\t\t\t\t\t<section class=\"elementor-section elementor-top-section elementor-element elementor-element-3c4dca85 elementor-section-full_width elementor-section-height-default elementor-section-height-default\" data-id=\"3c4dca85\" data-element_type=\"section\" data-e-type=\"section\">\n\t\t\t\t\t\t<div class=\"elementor-container elementor-column-gap-default\">\n\t\t\t\t\t<div class=\"elementor-column elementor-col-100 elementor-top-column elementor-element elementor-element-2082a445\" data-id=\"2082a445\" data-element_type=\"column\" data-e-type=\"column\" data-settings=\"{&quot;background_background&quot;:&quot;classic&quot;}\">\n\t\t\t<div class=\"elementor-widget-wrap elementor-element-populated\">\n\t\t\t\t\t<div class=\"elementor-background-overlay\"><\/div>\n\t\t\t\t\t\t<div class=\"elementor-element elementor-element-c2b08ab de_scroll_animation_no elementor-invisible elementor-widget elementor-widget-elementskit-heading\" data-id=\"c2b08ab\" data-element_type=\"widget\" data-e-type=\"widget\" data-settings=\"{&quot;_animation&quot;:&quot;fadeIn&quot;,&quot;_animation_delay&quot;:200}\" data-widget_type=\"elementskit-heading.default\">\n\t\t\t\t<div class=\"elementor-widget-container\">\n\t\t\t\t\t<div class=\"ekit-wid-con\" ><div class=\"ekit-heading elementskit-section-title-wraper text_center   ekit_heading_tablet-   ekit_heading_mobile-\"><h2 class=\"ekit-heading--title elementskit-section-title \">Impressum<\/h2><\/div><\/div>\t\t\t\t<\/div>\n\t\t\t\t<\/div>\n\t\t\t\t\t<\/div>\n\t\t<\/div>\n\t\t\t\t\t<\/div>\n\t\t<\/section>\n\t\t\t\t<section class=\"elementor-section elementor-top-section elementor-element elementor-element-3d61586d elementor-section-boxed elementor-section-height-default elementor-section-height-default\" data-id=\"3d61586d\" data-element_type=\"section\" data-e-type=\"section\">\n\t\t\t\t\t\t<div class=\"elementor-container elementor-column-gap-default\">\n\t\t\t\t\t<div class=\"elementor-column elementor-col-100 elementor-top-column elementor-element elementor-element-7fd561d5\" data-id=\"7fd561d5\" data-element_type=\"column\" data-e-type=\"column\">\n\t\t\t<div class=\"elementor-widget-wrap elementor-element-populated\">\n\t\t\t\t\t\t<div class=\"elementor-element elementor-element-42855727 de_scroll_animation_no elementor-invisible elementor-widget elementor-widget-text-editor\" data-id=\"42855727\" data-element_type=\"widget\" data-e-type=\"widget\" data-settings=\"{&quot;_animation&quot;:&quot;fadeIn&quot;,&quot;_animation_delay&quot;:600}\" data-widget_type=\"text-editor.default\">\n\t\t\t\t<div class=\"elementor-widget-container\">\n\t\t\t\t\t\t\t\t\t<h3>Impressum<\/h3>\n<h3>PFLICHTANGABEN, HAFTAUSSCHLUSS UND INFORMATION.\nAngaben gem\u00e4\u00df \u00a7 5 TMG<\/h3>\n<strong>MITO Hairgroup<\/strong>\n<strong>Michele Grasso<\/strong>\n\nNienstedtener Stra\u00dfe 8\n22609 Hamburg\nTelefon: +49. 40. 82 98 11\nE-Mail: mito-hamburg(at) gmx.de\n\n<strong>Inhaltlich Verantwortlicher gem\u00e4\u00df \u00a7 10<\/strong> Absatz 3 MDStV:\nGesch\u00e4ftsf\u00fchrer Michele Grasso\n<h4>Umsatzsteuer-ID<\/h4>\nUmsatzsteuer-Identifikationsnummer gem\u00e4\u00df \u00a7 27 a Umsatzsteuergesetz:\nDE73546024918\n<h4>EU-Streitschlichtung<\/h4>\nDie Europ\u00e4ische Kommission stellt eine Plattform zur Online-Streitbeilegung (OS) bereit: <a href=\"https:\/\/ec.europa.eu\/consumers\/odr\/\" target=\"_blank\" rel=\"noopener\">https:\/\/ec.europa.eu\/consumers\/odr\/<\/a>.\nUnsere E-Mail-Adresse finden Sie oben im Impressum.\n\nVerbraucher\u00adstreit\u00adbeilegung\/Universal\u00adschlichtungs\u00adstelle\n\nWir sind nicht bereit oder verpflichtet, an Streitbeilegungsverfahren vor einer Verbraucherschlichtungsstelle teilzunehmen.\t\t\t\t\t\t\t\t<\/div>\n\t\t\t\t<\/div>\n\t\t\t\t\t<\/div>\n\t\t<\/div>\n\t\t\t\t\t<\/div>\n\t\t<\/section>\n\t\t\t\t<\/div>\n\t\t","protected":false},"excerpt":{"rendered":"<p>Impressum Impressum PFLICHTANGABEN, HAFTAUSSCHLUSS UND INFORMATION. Angaben gem\u00e4\u00df \u00a7 5 TMG MITO Hairgroup Michele Grasso Nienstedtener Stra\u00dfe 8 22609 Hamburg Telefon: +49. 40. 82 98 11 E-Mail: mito-hamburg(at) gmx.de Inhaltlich Verantwortlicher gem\u00e4\u00df \u00a7 10 Absatz 3 MDStV: Gesch\u00e4ftsf\u00fchrer Michele Grasso Umsatzsteuer-ID Umsatzsteuer-Identifikationsnummer gem\u00e4\u00df \u00a7 27 a Umsatzsteuergesetz: DE73546024918 EU-Streitschlichtung Die Europ\u00e4ische Kommission stellt eine Plattform [&hellip;]<\/p>\n","protected":false},"author":1,"featured_media":0,"parent":0,"menu_order":0,"comment_status":"closed","ping_status":"closed","template":"elementor_header_footer","meta":{"footnotes":""},"class_list":["post-8286","page","type-page","status-publish","hentry"],"_links":{"self":[{"href":"https:\/\/www.elearning-factory.de\/three\/wp-json\/wp\/v2\/pages\/8286","targetHints":{"allow":["GET"]}}],"collection":[{"href":"https:\/\/www.elearning-factory.de\/three\/wp-json\/wp\/v2\/pages"}],"about":[{"href":"https:\/\/www.elearning-factory.de\/three\/wp-json\/wp\/v2\/types\/page"}],"author":[{"embeddable":true,"href":"https:\/\/www.elearning-factory.de\/three\/wp-json\/wp\/v2\/users\/1"}],"replies":[{"embeddable":true,"href":"https:\/\/www.elearning-factory.de\/three\/wp-json\/wp\/v2\/comments?post=8286"}],"version-history":[{"count":7,"href":"https:\/\/www.elearning-factory.de\/three\/wp-json\/wp\/v2\/pages\/8286\/revisions"}],"predecessor-version":[{"id":8293,"href":"https:\/\/www.elearning-factory.de\/three\/wp-json\/wp\/v2\/pages\/8286\/revisions\/8293"}],"wp:attachment":[{"href":"https:\/\/www.elearning-factory.de\/three\/wp-json\/wp\/v2\/media?parent=8286"}],"curies":[{"name":"wp","href":"https:\/\/api.w.org\/{rel}","templated":true}]}}